{"id":276,"date":"2018-04-09T19:45:56","date_gmt":"2018-04-09T17:45:56","guid":{"rendered":"http:\/\/recavaca.com\/?page_id=276"},"modified":"2018-04-10T15:33:34","modified_gmt":"2018-04-10T13:33:34","slug":"contact","status":"publish","type":"page","link":"https:\/\/recavaca.com\/index.php\/en\/contact\/","title":{"rendered":"Contact"},"content":{"rendered":"<h2>Do not hesitate to contact us for any question !<\/h2>\n<div role=\"form\" class=\"wpcf7\" id=\"wpcf7-f539-o1\" lang=\"fr-FR\" dir=\"ltr\">\n<div class=\"screen-reader-response\"><p role=\"status\" aria-live=\"polite\" aria-atomic=\"true\"><\/p> <ul><\/ul><\/div>\n<form action=\"\/index.php\/wp-json\/wp\/v2\/pages\/276#wpcf7-f539-o1\" method=\"post\" class=\"wpcf7-form init\" novalidate=\"novalidate\" data-status=\"init\">\n<div style=\"display: none;\">\n<input type=\"hidden\" name=\"_wpcf7\" value=\"539\" \/>\n<input type=\"hidden\" name=\"_wpcf7_version\" value=\"5.5.5\" \/>\n<input type=\"hidden\" name=\"_wpcf7_locale\" value=\"fr_FR\" \/>\n<input type=\"hidden\" name=\"_wpcf7_unit_tag\" value=\"wpcf7-f539-o1\" \/>\n<input type=\"hidden\" name=\"_wpcf7_container_post\" value=\"0\" \/>\n<input type=\"hidden\" name=\"_wpcf7_posted_data_hash\" value=\"\" \/>\n<input type=\"hidden\" name=\"_wpcf7_recaptcha_response\" value=\"\" \/>\n<\/div>\n<p><label> Your name<br \/>\n    <span class=\"wpcf7-form-control-wrap your-name\"><input type=\"text\" name=\"your-name\" value=\"\" size=\"40\" class=\"wpcf7-form-control wpcf7-text wpcf7-validates-as-required\" aria-required=\"true\" aria-invalid=\"false\" \/><\/span> <\/label><\/p>\n<p><label> Your email<br \/>\n    <span class=\"wpcf7-form-control-wrap your-email\"><input type=\"email\" name=\"your-email\" value=\"\" size=\"40\" class=\"wpcf7-form-control wpcf7-text wpcf7-email wpcf7-validates-as-required wpcf7-validates-as-email\" aria-required=\"true\" aria-invalid=\"false\" \/><\/span> <\/label><\/p>\n<p><label> Subject<br \/>\n    <span class=\"wpcf7-form-control-wrap your-subject\"><input type=\"text\" name=\"your-subject\" value=\"\" size=\"40\" class=\"wpcf7-form-control wpcf7-text wpcf7-validates-as-required\" aria-required=\"true\" aria-invalid=\"false\" \/><\/span> <\/label><\/p>\n<p><label> Your message<br \/>\n    <span class=\"wpcf7-form-control-wrap your-message\"><textarea name=\"your-message\" cols=\"40\" rows=\"10\" class=\"wpcf7-form-control wpcf7-textarea wpcf7-validates-as-required\" aria-required=\"true\" aria-invalid=\"false\"><\/textarea><\/span> <\/label><\/p>\n\n<p><input type=\"submit\" value=\"Send\" class=\"wpcf7-form-control has-spinner wpcf7-submit\" \/><\/p>\n<div class=\"wpcf7-response-output\" aria-hidden=\"true\"><\/div><\/form><\/div>\n","protected":false},"excerpt":{"rendered":"<p>Do not hesitate to contact us for any question !<\/p>\n","protected":false},"author":3,"featured_media":0,"parent":0,"menu_order":8,"comment_status":"closed","ping_status":"closed","template":"","meta":{"spay_email":""},"yoast_head":"<!-- This site is optimized with the Yoast SEO plugin v18.1 - https:\/\/yoast.com\/wordpress\/plugins\/seo\/ -->\n<title>Contact - Recavaca<\/title>\n<meta name=\"robots\" content=\"index, follow, max-snippet:-1, max-image-preview:large, max-video-preview:-1\" \/>\n<link rel=\"canonical\" href=\"https:\/\/recavaca.com\/index.php\/en\/contact\/\" \/>\n<meta property=\"og:locale\" content=\"fr_FR\" \/>\n<meta property=\"og:type\" content=\"article\" \/>\n<meta property=\"og:title\" content=\"Contact - Recavaca\" \/>\n<meta property=\"og:description\" content=\"Do not hesitate to contact us for any question !\" \/>\n<meta property=\"og:url\" content=\"https:\/\/recavaca.com\/index.php\/en\/contact\/\" \/>\n<meta property=\"og:site_name\" content=\"Recavaca\" \/>\n<meta property=\"article:publisher\" content=\"https:\/\/www.facebook.com\/guadeloupeequitableetdurable\/\" \/>\n<meta property=\"article:modified_time\" content=\"2018-04-10T13:33:34+00:00\" \/>\n<meta name=\"twitter:card\" content=\"summary_large_image\" \/>\n<script type=\"application\/ld+json\" class=\"yoast-schema-graph\">{\"@context\":\"https:\/\/schema.org\",\"@graph\":[{\"@type\":\"WebSite\",\"@id\":\"https:\/\/recavaca.com\/#website\",\"url\":\"https:\/\/recavaca.com\/\",\"name\":\"Recavaca\",\"description\":\"R\u00e9seau Carib\u00e9en pour la Valorisation du Cacao\",\"potentialAction\":[{\"@type\":\"SearchAction\",\"target\":{\"@type\":\"EntryPoint\",\"urlTemplate\":\"https:\/\/recavaca.com\/?s={search_term_string}\"},\"query-input\":\"required name=search_term_string\"}],\"inLanguage\":\"fr-FR\"},{\"@type\":\"WebPage\",\"@id\":\"https:\/\/recavaca.com\/index.php\/en\/contact\/#webpage\",\"url\":\"https:\/\/recavaca.com\/index.php\/en\/contact\/\",\"name\":\"Contact - Recavaca\",\"isPartOf\":{\"@id\":\"https:\/\/recavaca.com\/#website\"},\"datePublished\":\"2018-04-09T17:45:56+00:00\",\"dateModified\":\"2018-04-10T13:33:34+00:00\",\"breadcrumb\":{\"@id\":\"https:\/\/recavaca.com\/index.php\/en\/contact\/#breadcrumb\"},\"inLanguage\":\"fr-FR\",\"potentialAction\":[{\"@type\":\"ReadAction\",\"target\":[\"https:\/\/recavaca.com\/index.php\/en\/contact\/\"]}]},{\"@type\":\"BreadcrumbList\",\"@id\":\"https:\/\/recavaca.com\/index.php\/en\/contact\/#breadcrumb\",\"itemListElement\":[{\"@type\":\"ListItem\",\"position\":1,\"name\":\"Accueil\",\"item\":\"https:\/\/recavaca.com\/\"},{\"@type\":\"ListItem\",\"position\":2,\"name\":\"Contact\"}]}]}<\/script>\n<!-- \/ Yoast SEO plugin. -->","yoast_head_json":{"title":"Contact - Recavaca","robots":{"index":"index","follow":"follow","max-snippet":"max-snippet:-1","max-image-preview":"max-image-preview:large","max-video-preview":"max-video-preview:-1"},"canonical":"https:\/\/recavaca.com\/index.php\/en\/contact\/","og_locale":"fr_FR","og_type":"article","og_title":"Contact - Recavaca","og_description":"Do not hesitate to contact us for any question !","og_url":"https:\/\/recavaca.com\/index.php\/en\/contact\/","og_site_name":"Recavaca","article_publisher":"https:\/\/www.facebook.com\/guadeloupeequitableetdurable\/","article_modified_time":"2018-04-10T13:33:34+00:00","twitter_card":"summary_large_image","schema":{"@context":"https:\/\/schema.org","@graph":[{"@type":"WebSite","@id":"https:\/\/recavaca.com\/#website","url":"https:\/\/recavaca.com\/","name":"Recavaca","description":"R\u00e9seau Carib\u00e9en pour la Valorisation du Cacao","potentialAction":[{"@type":"SearchAction","target":{"@type":"EntryPoint","urlTemplate":"https:\/\/recavaca.com\/?s={search_term_string}"},"query-input":"required name=search_term_string"}],"inLanguage":"fr-FR"},{"@type":"WebPage","@id":"https:\/\/recavaca.com\/index.php\/en\/contact\/#webpage","url":"https:\/\/recavaca.com\/index.php\/en\/contact\/","name":"Contact - Recavaca","isPartOf":{"@id":"https:\/\/recavaca.com\/#website"},"datePublished":"2018-04-09T17:45:56+00:00","dateModified":"2018-04-10T13:33:34+00:00","breadcrumb":{"@id":"https:\/\/recavaca.com\/index.php\/en\/contact\/#breadcrumb"},"inLanguage":"fr-FR","potentialAction":[{"@type":"ReadAction","target":["https:\/\/recavaca.com\/index.php\/en\/contact\/"]}]},{"@type":"BreadcrumbList","@id":"https:\/\/recavaca.com\/index.php\/en\/contact\/#breadcrumb","itemListElement":[{"@type":"ListItem","position":1,"name":"Accueil","item":"https:\/\/recavaca.com\/"},{"@type":"ListItem","position":2,"name":"Contact"}]}]}},"jetpack_sharing_enabled":false,"jetpack_shortlink":"https:\/\/wp.me\/P9QgSb-4s","jetpack-related-posts":[{"id":1138,"url":"https:\/\/recavaca.com\/index.php\/en\/fair-trade\/","url_meta":{"origin":276,"position":0},"title":"Fair Trade","date":"24 mai 2018","format":false,"excerpt":"From when ? Where ? What purpose ? \u00a0 \u00a0 \u00a0 \u00a0The first fair trade project were developed in the 40s in the United States, few years later in Europe. In order to contribute to the well-being and the development of\u00a0poor countries. But it was not until 1964 that the\u2026","rel":"","context":"Article similaire","img":{"alt_text":"","src":"https:\/\/i0.wp.com\/recavaca.com\/wp-content\/uploads\/2018\/04\/22326449230_6cf30a4fc6_o.jpg?resize=350%2C200","width":350,"height":200},"classes":[]},{"id":1119,"url":"https:\/\/recavaca.com\/index.php\/en\/cocoa\/","url_meta":{"origin":276,"position":1},"title":"Cocoa","date":"24 mai 2018","format":false,"excerpt":"The Cocoa history in the Caribbean region The Caribbean region covers the islands and continental American regions that surround the Caribbean Sea. This poor but touristic region has long been home to huge cocoa plantations and large growers because of its hot and humid climate. The cocoas obtained there were\u2026","rel":"","context":"Article similaire","img":{"alt_text":"","src":"https:\/\/i0.wp.com\/recavaca.com\/wp-content\/uploads\/2018\/04\/P_20180327_091110.jpg?fit=1200%2C675&ssl=1&resize=350%2C200","width":350,"height":200},"classes":[]},{"id":1133,"url":"https:\/\/recavaca.com\/index.php\/en\/project-display\/","url_meta":{"origin":276,"position":2},"title":"Project Display","date":"24 mai 2018","format":false,"excerpt":"Recavaca: a cooperation project for the valorization of cocoa The RECAVACA project aims at the\u00a0strengthening of the economical diversification of Ha\u00efti and Guadeloupe areas, on the long term the caribbean region, through the transfer of knowledge and the\u00a0commercialization of innovative product from a fair, local, organic and top of range\u2026","rel":"","context":"Article similaire","img":{"alt_text":"","src":"https:\/\/i0.wp.com\/recavaca.com\/wp-content\/uploads\/2018\/04\/RECAVACA-BANDEROLE-BDEF.png?fit=652%2C217&ssl=1&resize=350%2C200","width":350,"height":200},"classes":[]},{"id":1319,"url":"https:\/\/recavaca.com\/index.php\/en\/semla-vie-2\/","url_meta":{"origin":276,"position":3},"title":"S\u00e8m&rsquo;la Vie","date":"5 juin 2018","format":false,"excerpt":"Member of the network of agroecologists without borders (www.agroecologistesf.org). Didier Meunier is an agronomist trainer, specialized in agroecology. Since January 2012, he has been working in the department of Grand'Anse to participate in the development of a quality cocoa sector. He also had the opportunity to work on the production\u2026","rel":"","context":"Article similaire","img":{"alt_text":"","src":"","width":0,"height":0},"classes":[]},{"id":1290,"url":"https:\/\/recavaca.com\/index.php\/en\/the-iut-of-guadeloupe\/","url_meta":{"origin":276,"position":4},"title":"The IUT of Guadeloupe","date":"5 juin 2018","format":false,"excerpt":"The University and Technological Institute (IUT) of Guadeloupe is located on the campus of Camp Jacob in Saint-Claude. The IUT proposes to prepare a University and Technological Diploma (DUT) in the following areas: Biological Engineering, Management of Companies and Administrations, Multimedia and Internet Professions, Social Careers; You can also prepare\u2026","rel":"","context":"Article similaire","img":{"alt_text":"","src":"","width":0,"height":0},"classes":[]},{"id":1292,"url":"https:\/\/recavaca.com\/index.php\/en\/the-raja-foundation-daniele-marcovici\/","url_meta":{"origin":276,"position":5},"title":"The RAJA Foundation &#8211; Dani\u00e8le Marcovici","date":"5 juin 2018","format":false,"excerpt":"The RAJA Group created in 2006, on the initiative of Dani\u00e8le Kapel-Marcovici, and under the auspices of a Fondation of France, the RAJA-Dani\u00e8le Marcovici Foundation, which has made emancipation and the improvement of living conditions for women, in France and in the world, its priority. For the Foundation, women are\u2026","rel":"","context":"Article similaire","img":{"alt_text":"","src":"","width":0,"height":0},"classes":[]}],"_links":{"self":[{"href":"https:\/\/recavaca.com\/index.php\/wp-json\/wp\/v2\/pages\/276"}],"collection":[{"href":"https:\/\/recavaca.com\/index.php\/wp-json\/wp\/v2\/pages"}],"about":[{"href":"https:\/\/recavaca.com\/index.php\/wp-json\/wp\/v2\/types\/page"}],"author":[{"embeddable":true,"href":"https:\/\/recavaca.com\/index.php\/wp-json\/wp\/v2\/users\/3"}],"replies":[{"embeddable":true,"href":"https:\/\/recavaca.com\/index.php\/wp-json\/wp\/v2\/comments?post=276"}],"version-history":[{"count":3,"href":"https:\/\/recavaca.com\/index.php\/wp-json\/wp\/v2\/pages\/276\/revisions"}],"predecessor-version":[{"id":540,"href":"https:\/\/recavaca.com\/index.php\/wp-json\/wp\/v2\/pages\/276\/revisions\/540"}],"wp:attachment":[{"href":"https:\/\/recavaca.com\/index.php\/wp-json\/wp\/v2\/media?parent=276"}],"curies":[{"name":"wp","href":"https:\/\/api.w.org\/{rel}","templated":true}]}}