{"id":1292,"date":"2018-06-05T17:41:15","date_gmt":"2018-06-05T15:41:15","guid":{"rendered":"https:\/\/recavaca.com\/?page_id=1292"},"modified":"2018-06-12T15:43:50","modified_gmt":"2018-06-12T13:43:50","slug":"the-raja-foundation-daniele-marcovici","status":"publish","type":"page","link":"https:\/\/recavaca.com\/index.php\/en\/the-raja-foundation-daniele-marcovici\/","title":{"rendered":"The RAJA Foundation &#8211; Dani\u00e8le Marcovici"},"content":{"rendered":"<p style=\"text-align: justify;\"><a href=\"https:\/\/www.raja.fr\/femmes-et-environnement_cms_000062.html\"><img data-attachment-id=\"1200\" data-permalink=\"https:\/\/recavaca.com\/index.php\/la-fondation-raja-daniele-marcovici\/logo-fondatio-raja\/\" data-orig-file=\"https:\/\/i0.wp.com\/recavaca.com\/wp-content\/uploads\/2018\/05\/Logo-Fondatio-raja.jpg?fit=709%2C295&amp;ssl=1\" data-orig-size=\"709,295\" data-comments-opened=\"0\" data-image-meta=\"{&quot;aperture&quot;:&quot;0&quot;,&quot;credit&quot;:&quot;&quot;,&quot;camera&quot;:&quot;&quot;,&quot;caption&quot;:&quot;&quot;,&quot;created_timestamp&quot;:&quot;0&quot;,&quot;copyright&quot;:&quot;&quot;,&quot;focal_length&quot;:&quot;0&quot;,&quot;iso&quot;:&quot;0&quot;,&quot;shutter_speed&quot;:&quot;0&quot;,&quot;title&quot;:&quot;&quot;,&quot;orientation&quot;:&quot;0&quot;}\" data-image-title=\"Logo Fondatio raja\" data-image-description=\"\" data-image-caption=\"\" data-medium-file=\"https:\/\/i0.wp.com\/recavaca.com\/wp-content\/uploads\/2018\/05\/Logo-Fondatio-raja.jpg?fit=300%2C125&amp;ssl=1\" data-large-file=\"https:\/\/i0.wp.com\/recavaca.com\/wp-content\/uploads\/2018\/05\/Logo-Fondatio-raja.jpg?fit=525%2C218&amp;ssl=1\" loading=\"lazy\" class=\"size-medium wp-image-1200 alignleft\" src=\"https:\/\/i0.wp.com\/recavaca.com\/wp-content\/uploads\/2018\/05\/Logo-Fondatio-raja.jpg?resize=300%2C125&#038;ssl=1\" alt=\"\" width=\"300\" height=\"125\" srcset=\"https:\/\/i0.wp.com\/recavaca.com\/wp-content\/uploads\/2018\/05\/Logo-Fondatio-raja.jpg?resize=300%2C125&amp;ssl=1 300w, https:\/\/i0.wp.com\/recavaca.com\/wp-content\/uploads\/2018\/05\/Logo-Fondatio-raja.jpg?w=709&amp;ssl=1 709w\" sizes=\"(max-width: 300px) 100vw, 300px\" data-recalc-dims=\"1\" \/><\/a>The RAJA Group created in 2006, on the initiative of Dani\u00e8le Kapel-Marcovici, and under the auspices of a Fondation of France, the RAJA-Dani\u00e8le Marcovici Foundation, which has made emancipation and the improvement of living conditions for women, in France and in the world, its priority.<\/p>\n<p style=\"text-align: justify;\">For the Foundation, women are key actors in development, and their empowerment benefits everyone. To work for equality between women and men is to promote economic prosperity and political stability around the world, and to contribute to the emergence of a better and more just society.<\/p>\n<p style=\"text-align: justify;\">In May 2017, it launched a call for projects to financially support associative projects for the improvement of women&rsquo;s rights and living conditions and against the inequalities, injustices and violence they suffer.<\/p>\n<p style=\"text-align: justify;\">Through this call for projects, the RAJA-Dani\u00e8le Marcovici Foundation wishes to provide financial support for projects run by French associations, which aim to promote the emancipation of women, equal rights for women and men, and improving the living conditions of women.<\/p>\n<p style=\"text-align: justify;\">The Foundation particularly supports:<\/p>\n<ul class=\"ili-indent\">\n<li style=\"text-align: justify;\">Projects <strong>to support the defense of the rights of refugee \/ migrant women<\/strong>, to combat the violence they suffer, and to promote their socio-professional integration;<\/li>\n<\/ul>\n<ul class=\"ili-indent\">\n<li style=\"text-align: justify;\">Projects <strong>to promote women&rsquo;s empowerment<\/strong> and support their <strong>actions in favor of environmental protection and the fight against climate change<\/strong> (sustainable agriculture, natural resources management, waste management, renewable energy production ).<\/li>\n<\/ul>\n<p style=\"text-align: justify;\">The RAJA Group&rsquo;s support for the selected projects is via a shared product operation that mobilizes several of its subsidiaries in Europe. The operation consists in transferring part of the selling price of various \u00ab\u00a0eco-friendly\u00a0\u00bb products to the Foundation. It then transfers all the funds collected to associations leading projects for the emancipation of women and the protection of the environment.<\/p>\n<p style=\"text-align: justify;\">This year, 5 projects were selected for the \u00ab\u00a0Women &amp; Environment\u00a0\u00bb program, including the KAKO Workshop project, which is part of the RECAVACA project and whose objective is to participate in the economic emancipation of a group of women in Haiti, through the establishment of a micro-chocolate factory.<\/p>\n","protected":false},"excerpt":{"rendered":"<p>The RAJA Group created in 2006, on the initiative of Dani\u00e8le Kapel-Marcovici, and under the auspices of a Fondation of France, the RAJA-Dani\u00e8le Marcovici Foundation, which has made emancipation and the improvement of living conditions for women, in France and in the world, its priority. For the Foundation, women are key actors in development, and &hellip; <\/p>\n<p class=\"link-more\"><a href=\"https:\/\/recavaca.com\/index.php\/en\/the-raja-foundation-daniele-marcovici\/\" class=\"more-link\">Continuer la lecture<span class=\"screen-reader-text\"> de &laquo;&nbsp;The RAJA Foundation &#8211; Dani\u00e8le Marcovici&nbsp;&raquo;<\/span><\/a><\/p>\n","protected":false},"author":3,"featured_media":0,"parent":0,"menu_order":0,"comment_status":"closed","ping_status":"closed","template":"","meta":{"spay_email":""},"yoast_head":"<!-- This site is optimized with the Yoast SEO plugin v18.1 - https:\/\/yoast.com\/wordpress\/plugins\/seo\/ -->\n<title>The RAJA Foundation - Dani\u00e8le Marcovici - Recavaca<\/title>\n<meta name=\"robots\" content=\"index, follow, max-snippet:-1, max-image-preview:large, max-video-preview:-1\" \/>\n<link rel=\"canonical\" href=\"https:\/\/recavaca.com\/index.php\/en\/the-raja-foundation-daniele-marcovici\/\" \/>\n<meta property=\"og:locale\" content=\"fr_FR\" \/>\n<meta property=\"og:type\" content=\"article\" \/>\n<meta property=\"og:title\" content=\"The RAJA Foundation - Dani\u00e8le Marcovici - Recavaca\" \/>\n<meta property=\"og:description\" content=\"The RAJA Group created in 2006, on the initiative of Dani\u00e8le Kapel-Marcovici, and under the auspices of a Fondation of France, the RAJA-Dani\u00e8le Marcovici Foundation, which has made emancipation and the improvement of living conditions for women, in France and in the world, its priority. For the Foundation, women are key actors in development, and &hellip; Continuer la lecture de &laquo;&nbsp;The RAJA Foundation &#8211; Dani\u00e8le Marcovici&nbsp;&raquo;\" \/>\n<meta property=\"og:url\" content=\"https:\/\/recavaca.com\/index.php\/en\/the-raja-foundation-daniele-marcovici\/\" \/>\n<meta property=\"og:site_name\" content=\"Recavaca\" \/>\n<meta property=\"article:publisher\" content=\"https:\/\/www.facebook.com\/guadeloupeequitableetdurable\/\" \/>\n<meta property=\"article:modified_time\" content=\"2018-06-12T13:43:50+00:00\" \/>\n<meta property=\"og:image\" content=\"https:\/\/recavaca.com\/wp-content\/uploads\/2018\/05\/Logo-Fondatio-raja-300x125.jpg\" \/>\n<meta name=\"twitter:card\" content=\"summary_large_image\" \/>\n<meta name=\"twitter:label1\" content=\"Dur\u00e9e de lecture estim\u00e9e\" \/>\n\t<meta name=\"twitter:data1\" content=\"2 minutes\" \/>\n<script type=\"application\/ld+json\" class=\"yoast-schema-graph\">{\"@context\":\"https:\/\/schema.org\",\"@graph\":[{\"@type\":\"WebSite\",\"@id\":\"https:\/\/recavaca.com\/#website\",\"url\":\"https:\/\/recavaca.com\/\",\"name\":\"Recavaca\",\"description\":\"R\u00e9seau Carib\u00e9en pour la Valorisation du Cacao\",\"potentialAction\":[{\"@type\":\"SearchAction\",\"target\":{\"@type\":\"EntryPoint\",\"urlTemplate\":\"https:\/\/recavaca.com\/?s={search_term_string}\"},\"query-input\":\"required name=search_term_string\"}],\"inLanguage\":\"fr-FR\"},{\"@type\":\"ImageObject\",\"@id\":\"https:\/\/recavaca.com\/index.php\/en\/the-raja-foundation-daniele-marcovici\/#primaryimage\",\"inLanguage\":\"fr-FR\",\"url\":\"https:\/\/i0.wp.com\/recavaca.com\/wp-content\/uploads\/2018\/05\/Logo-Fondatio-raja.jpg?fit=709%2C295&ssl=1\",\"contentUrl\":\"https:\/\/i0.wp.com\/recavaca.com\/wp-content\/uploads\/2018\/05\/Logo-Fondatio-raja.jpg?fit=709%2C295&ssl=1\",\"width\":709,\"height\":295},{\"@type\":\"WebPage\",\"@id\":\"https:\/\/recavaca.com\/index.php\/en\/the-raja-foundation-daniele-marcovici\/#webpage\",\"url\":\"https:\/\/recavaca.com\/index.php\/en\/the-raja-foundation-daniele-marcovici\/\",\"name\":\"The RAJA Foundation - Dani\u00e8le Marcovici - Recavaca\",\"isPartOf\":{\"@id\":\"https:\/\/recavaca.com\/#website\"},\"primaryImageOfPage\":{\"@id\":\"https:\/\/recavaca.com\/index.php\/en\/the-raja-foundation-daniele-marcovici\/#primaryimage\"},\"datePublished\":\"2018-06-05T15:41:15+00:00\",\"dateModified\":\"2018-06-12T13:43:50+00:00\",\"breadcrumb\":{\"@id\":\"https:\/\/recavaca.com\/index.php\/en\/the-raja-foundation-daniele-marcovici\/#breadcrumb\"},\"inLanguage\":\"fr-FR\",\"potentialAction\":[{\"@type\":\"ReadAction\",\"target\":[\"https:\/\/recavaca.com\/index.php\/en\/the-raja-foundation-daniele-marcovici\/\"]}]},{\"@type\":\"BreadcrumbList\",\"@id\":\"https:\/\/recavaca.com\/index.php\/en\/the-raja-foundation-daniele-marcovici\/#breadcrumb\",\"itemListElement\":[{\"@type\":\"ListItem\",\"position\":1,\"name\":\"Accueil\",\"item\":\"https:\/\/recavaca.com\/\"},{\"@type\":\"ListItem\",\"position\":2,\"name\":\"The RAJA Foundation &#8211; Dani\u00e8le Marcovici\"}]}]}<\/script>\n<!-- \/ Yoast SEO plugin. -->","yoast_head_json":{"title":"The RAJA Foundation - Dani\u00e8le Marcovici - Recavaca","robots":{"index":"index","follow":"follow","max-snippet":"max-snippet:-1","max-image-preview":"max-image-preview:large","max-video-preview":"max-video-preview:-1"},"canonical":"https:\/\/recavaca.com\/index.php\/en\/the-raja-foundation-daniele-marcovici\/","og_locale":"fr_FR","og_type":"article","og_title":"The RAJA Foundation - Dani\u00e8le Marcovici - Recavaca","og_description":"The RAJA Group created in 2006, on the initiative of Dani\u00e8le Kapel-Marcovici, and under the auspices of a Fondation of France, the RAJA-Dani\u00e8le Marcovici Foundation, which has made emancipation and the improvement of living conditions for women, in France and in the world, its priority. For the Foundation, women are key actors in development, and &hellip; Continuer la lecture de &laquo;&nbsp;The RAJA Foundation &#8211; Dani\u00e8le Marcovici&nbsp;&raquo;","og_url":"https:\/\/recavaca.com\/index.php\/en\/the-raja-foundation-daniele-marcovici\/","og_site_name":"Recavaca","article_publisher":"https:\/\/www.facebook.com\/guadeloupeequitableetdurable\/","article_modified_time":"2018-06-12T13:43:50+00:00","og_image":[{"url":"https:\/\/recavaca.com\/wp-content\/uploads\/2018\/05\/Logo-Fondatio-raja-300x125.jpg"}],"twitter_card":"summary_large_image","twitter_misc":{"Dur\u00e9e de lecture estim\u00e9e":"2 minutes"},"schema":{"@context":"https:\/\/schema.org","@graph":[{"@type":"WebSite","@id":"https:\/\/recavaca.com\/#website","url":"https:\/\/recavaca.com\/","name":"Recavaca","description":"R\u00e9seau Carib\u00e9en pour la Valorisation du Cacao","potentialAction":[{"@type":"SearchAction","target":{"@type":"EntryPoint","urlTemplate":"https:\/\/recavaca.com\/?s={search_term_string}"},"query-input":"required name=search_term_string"}],"inLanguage":"fr-FR"},{"@type":"ImageObject","@id":"https:\/\/recavaca.com\/index.php\/en\/the-raja-foundation-daniele-marcovici\/#primaryimage","inLanguage":"fr-FR","url":"https:\/\/i0.wp.com\/recavaca.com\/wp-content\/uploads\/2018\/05\/Logo-Fondatio-raja.jpg?fit=709%2C295&ssl=1","contentUrl":"https:\/\/i0.wp.com\/recavaca.com\/wp-content\/uploads\/2018\/05\/Logo-Fondatio-raja.jpg?fit=709%2C295&ssl=1","width":709,"height":295},{"@type":"WebPage","@id":"https:\/\/recavaca.com\/index.php\/en\/the-raja-foundation-daniele-marcovici\/#webpage","url":"https:\/\/recavaca.com\/index.php\/en\/the-raja-foundation-daniele-marcovici\/","name":"The RAJA Foundation - Dani\u00e8le Marcovici - Recavaca","isPartOf":{"@id":"https:\/\/recavaca.com\/#website"},"primaryImageOfPage":{"@id":"https:\/\/recavaca.com\/index.php\/en\/the-raja-foundation-daniele-marcovici\/#primaryimage"},"datePublished":"2018-06-05T15:41:15+00:00","dateModified":"2018-06-12T13:43:50+00:00","breadcrumb":{"@id":"https:\/\/recavaca.com\/index.php\/en\/the-raja-foundation-daniele-marcovici\/#breadcrumb"},"inLanguage":"fr-FR","potentialAction":[{"@type":"ReadAction","target":["https:\/\/recavaca.com\/index.php\/en\/the-raja-foundation-daniele-marcovici\/"]}]},{"@type":"BreadcrumbList","@id":"https:\/\/recavaca.com\/index.php\/en\/the-raja-foundation-daniele-marcovici\/#breadcrumb","itemListElement":[{"@type":"ListItem","position":1,"name":"Accueil","item":"https:\/\/recavaca.com\/"},{"@type":"ListItem","position":2,"name":"The RAJA Foundation &#8211; Dani\u00e8le Marcovici"}]}]}},"jetpack_sharing_enabled":true,"jetpack_shortlink":"https:\/\/wp.me\/P9QgSb-kQ","jetpack-related-posts":[{"id":1289,"url":"https:\/\/recavaca.com\/index.php\/en\/aci\/","url_meta":{"origin":1292,"position":0},"title":"ACI","date":"5 juin 2018","format":false,"excerpt":"Atelier Comp\u00e9tences Internationales (ACI) is a research, coaching and training firm specializing in the emergence and capacity building of entrepreneurs and organizations who put human development at the center of their concerns. ACI was born from the sharing of experiences and expertise of its founders and the choice to support\u2026","rel":"","context":"Article similaire","img":{"alt_text":"","src":"","width":0,"height":0},"classes":[]},{"id":1297,"url":"https:\/\/recavaca.com\/index.php\/en\/the-interreg-caribbean-program\/","url_meta":{"origin":1292,"position":1},"title":"The INTERREG Caribbean Program","date":"5 juin 2018","format":false,"excerpt":"The INTERREG Caribbean 2014-2020 Operational Program is part of the European Territorial Cooperation, and as such contributes to the implementation of the Europe 2020 strategy which aims to promote a harmonious development of the Caribbean space for smart, sustainable and inclusive growth. The OP will contribute to giving substance to\u2026","rel":"","context":"Article similaire","img":{"alt_text":"","src":"https:\/\/i0.wp.com\/recavaca.com\/wp-content\/uploads\/2018\/04\/AMI-Interreg-Caraibes.jpg?resize=350%2C200","width":350,"height":200},"classes":[]},{"id":1138,"url":"https:\/\/recavaca.com\/index.php\/en\/fair-trade\/","url_meta":{"origin":1292,"position":2},"title":"Fair Trade","date":"24 mai 2018","format":false,"excerpt":"From when ? Where ? What purpose ? \u00a0 \u00a0 \u00a0 \u00a0The first fair trade project were developed in the 40s in the United States, few years later in Europe. In order to contribute to the well-being and the development of\u00a0poor countries. But it was not until 1964 that the\u2026","rel":"","context":"Article similaire","img":{"alt_text":"","src":"https:\/\/i0.wp.com\/recavaca.com\/wp-content\/uploads\/2018\/04\/22326449230_6cf30a4fc6_o.jpg?resize=350%2C200","width":350,"height":200},"classes":[]},{"id":1139,"url":"https:\/\/recavaca.com\/index.php\/en\/who-we-are\/","url_meta":{"origin":1292,"position":3},"title":"Who we are","date":"24 mai 2018","format":false,"excerpt":"AGED- Association Guadeloupe Equitable and Sustainable Founded in March 2011 in order to participate in the design of a fairer economic, social and environmental world, our association seeks to promote Sustainable Development and Fair Trade within the Caribbean Region and in particular in Guadeloupe. Why ? The idea is to\u2026","rel":"","context":"Article similaire","img":{"alt_text":"","src":"https:\/\/i0.wp.com\/recavaca.com\/wp-content\/uploads\/2018\/04\/P_20180115_125902.jpg?fit=1200%2C675&ssl=1&resize=350%2C200","width":350,"height":200},"classes":[]},{"id":1123,"url":"https:\/\/recavaca.com\/index.php\/en\/project-launch\/","url_meta":{"origin":1292,"position":4},"title":"Project Launch","date":"24 mai 2018","format":false,"excerpt":"Launch of the Caribbean Network project for the valorization of cocoa The RECAVACA project is co-funded by the INTERREG Caribbean program under the European Regional Development Fund, it was launched on Tuesday 24 October 2017, at the CIRAD office (NeufChateau, Capesterre-Belle-Eau). ) in the presence of Mrs VAINQUEUR Betty, chair\u2026","rel":"","context":"Article similaire","img":{"alt_text":"","src":"https:\/\/i0.wp.com\/recavaca.com\/wp-content\/uploads\/2018\/04\/lancement.jpg?resize=350%2C200&ssl=1","width":350,"height":200},"classes":[]},{"id":1293,"url":"https:\/\/recavaca.com\/index.php\/en\/mje-aequum\/","url_meta":{"origin":1292,"position":5},"title":"MJE \u2013 AEQUUM","date":"5 juin 2018","format":false,"excerpt":"The Aequum team is composed of students from an engineering school in agronomy and international development (ISTOM), and aims to focus on the themes of fair trade and solidarity in developing countries. It is under the aegis of the association Expert'Co, which since 2011 carries out development projects in the\u2026","rel":"","context":"Article similaire","img":{"alt_text":"","src":"","width":0,"height":0},"classes":[]}],"_links":{"self":[{"href":"https:\/\/recavaca.com\/index.php\/wp-json\/wp\/v2\/pages\/1292"}],"collection":[{"href":"https:\/\/recavaca.com\/index.php\/wp-json\/wp\/v2\/pages"}],"about":[{"href":"https:\/\/recavaca.com\/index.php\/wp-json\/wp\/v2\/types\/page"}],"author":[{"embeddable":true,"href":"https:\/\/recavaca.com\/index.php\/wp-json\/wp\/v2\/users\/3"}],"replies":[{"embeddable":true,"href":"https:\/\/recavaca.com\/index.php\/wp-json\/wp\/v2\/comments?post=1292"}],"version-history":[{"count":3,"href":"https:\/\/recavaca.com\/index.php\/wp-json\/wp\/v2\/pages\/1292\/revisions"}],"predecessor-version":[{"id":1379,"href":"https:\/\/recavaca.com\/index.php\/wp-json\/wp\/v2\/pages\/1292\/revisions\/1379"}],"wp:attachment":[{"href":"https:\/\/recavaca.com\/index.php\/wp-json\/wp\/v2\/media?parent=1292"}],"curies":[{"name":"wp","href":"https:\/\/api.w.org\/{rel}","templated":true}]}}