{"id":1185,"date":"2018-05-25T16:04:26","date_gmt":"2018-05-25T14:04:26","guid":{"rendered":"https:\/\/recavaca.com\/?page_id=1185"},"modified":"2018-06-12T15:48:35","modified_gmt":"2018-06-12T13:48:35","slug":"la-region-guadeloupe","status":"publish","type":"page","link":"https:\/\/recavaca.com\/index.php\/la-region-guadeloupe\/","title":{"rendered":"La R\u00e9gion Guadeloupe"},"content":{"rendered":"<p style=\"text-align: justify;\"><a href=\"http:\/\/www.regionguadeloupe.fr\/des-actions-des-priorites\/pour-notre-economie\/europe\/#_\"><img data-attachment-id=\"504\" data-permalink=\"https:\/\/recavaca.com\/?attachment_id=504\" data-orig-file=\"https:\/\/i0.wp.com\/recavaca.com\/wp-content\/uploads\/2018\/04\/region.jpg?fit=219%2C234&amp;ssl=1\" data-orig-size=\"219,234\" data-comments-opened=\"0\" data-image-meta=\"{&quot;aperture&quot;:&quot;0&quot;,&quot;credit&quot;:&quot;&quot;,&quot;camera&quot;:&quot;&quot;,&quot;caption&quot;:&quot;?????????????????????????????????????????????????????????&quot;,&quot;created_timestamp&quot;:&quot;0&quot;,&quot;copyright&quot;:&quot;&quot;,&quot;focal_length&quot;:&quot;0&quot;,&quot;iso&quot;:&quot;0&quot;,&quot;shutter_speed&quot;:&quot;0&quot;,&quot;title&quot;:&quot;&quot;,&quot;orientation&quot;:&quot;0&quot;}\" data-image-title=\"region\" data-image-description=\"\" data-image-caption=\"\" data-medium-file=\"https:\/\/i0.wp.com\/recavaca.com\/wp-content\/uploads\/2018\/04\/region.jpg?fit=219%2C234&amp;ssl=1\" data-large-file=\"https:\/\/i0.wp.com\/recavaca.com\/wp-content\/uploads\/2018\/04\/region.jpg?fit=219%2C234&amp;ssl=1\" loading=\"lazy\" class=\"alignright wp-image-504 size-thumbnail\" src=\"https:\/\/i0.wp.com\/recavaca.com\/wp-content\/uploads\/2018\/04\/region.jpg?resize=150%2C150&#038;ssl=1\" alt=\"\" width=\"150\" height=\"150\" srcset=\"https:\/\/i0.wp.com\/recavaca.com\/wp-content\/uploads\/2018\/04\/region.jpg?resize=150%2C150&amp;ssl=1 150w, https:\/\/i0.wp.com\/recavaca.com\/wp-content\/uploads\/2018\/04\/region.jpg?resize=100%2C100&amp;ssl=1 100w\" sizes=\"(max-width: 150px) 100vw, 150px\" data-recalc-dims=\"1\" \/><\/a>La r\u00e9gion Guadeloupe est l\u2019autorit\u00e9 de gestion des fonds europ\u00e9ens dont la Guadeloupe b\u00e9n\u00e9ficie pour son d\u00e9veloppement \u00e9conomique, social et culturel. Ces fonds structurels (Fonds europ\u00e9en de d\u00e9veloppement r\u00e9gional (FEDER),&nbsp;Fonds social europ\u00e9en (FSE),&nbsp;Fonds Europ\u00e9en Agricole pour le D\u00e9veloppement Rural (FEADER), Fonds europ\u00e9en pour les affaires maritimes et la p\u00eache&nbsp;(FEAMP&nbsp;) sont accord\u00e9s \u00e0 la R\u00e9gion Guadeloupe par des programmes pluriannuels en vigueur depuis 1989.<\/p>\n<p style=\"text-align: justify;\">L\u2019objectif est de r\u00e9duire les \u00e9carts de d\u00e9veloppement entre les diff\u00e9rentes r\u00e9gions de l\u2019Europe et de corriger les contraintes li\u00e9es au statut de R\u00e9gion ultra p\u00e9riph\u00e9rique de l\u2019Union Europ\u00e9enne attribu\u00e9 \u00e0 la Guadeloupe et aux autres DOM. Ces contraintes s\u2019expliquent par diff\u00e9rents facteurs tels que l\u2019\u00e9loignement du continent europ\u00e9en, l\u2019insularit\u00e9, l\u2019enclavement qui cr\u00e9ent une situation d\u2019isolement et aussi par l\u2019\u00e9troitesse du march\u00e9 local et leur d\u00e9pendance \u00e9conomique vis-\u00e0-vis d\u2019un petit nombre de produits.<\/p>\n<p style=\"text-align: justify;\">Par ces fonds, l\u2019Europe souhaite contribuer \u00e0 valoriser les atouts de ces territoires et \u00e0 concr\u00e9tiser les opportunit\u00e9s de croissance qu\u2019ils pr\u00e9sentent, afin d\u2019en faire des r\u00e9gions attractives et comp\u00e9titives.<\/p>\n<p style=\"text-align: justify;\">Plus d&rsquo;1 milliard d&rsquo;euros de fonds europ\u00e9ens ont \u00e9t\u00e9 allou\u00e9s \u00e0 la Guadeloupe sur la p\u00e9riode 2014-2020. Ces fonds doivent \u00eatre mobilis\u00e9s sur les axes strat\u00e9giques suivants&nbsp;:<\/p>\n<ul class=\"ili-indent\">\n<li>Am\u00e9lioration de l&rsquo;accessibilit\u00e9 au march\u00e9 unique (transports, mise en place de&nbsp;TIC, etc.);<\/li>\n<li>Accroissement de la comp\u00e9titivit\u00e9 (modernisation et la diversification des \u00e9conomies);<\/li>\n<li>Renforcement de l&rsquo;int\u00e9gration r\u00e9gionale;<\/li>\n<li>Renforcement de la dimension sociale (cr\u00e9er de l&#8217;emploi, lutter contre la pauvret\u00e9, etc.);<\/li>\n<li>Int\u00e9gration de la lutte contre le changement climatique.<\/li>\n<\/ul>\n<p style=\"text-align: justify;\">La R\u00e9gion Guadeloupe a \u00e9t\u00e9 l\u2019autorit\u00e9 de gestion du Programme Op\u00e9rationnel (PO) Interreg IV Cara\u00efbes pour la p\u00e9riode 2007-2013 et le sera \u00e9galement pour la p\u00e9riode 2014-2020. Ce programme est financ\u00e9 par les fonds du FEDER et du FED (Fonds Europ\u00e9en de D\u00e9veloppement)<\/p>\n<p style=\"text-align: justify;\">Le PO INTERREG Cara\u00efbes permet de financer de multiples projets de coop\u00e9ration entre les territoires carib\u00e9ens.<\/p>\n","protected":false},"excerpt":{"rendered":"<p>La r\u00e9gion Guadeloupe est l\u2019autorit\u00e9 de gestion des fonds europ\u00e9ens dont la Guadeloupe b\u00e9n\u00e9ficie pour son d\u00e9veloppement \u00e9conomique, social et culturel. Ces fonds structurels (Fonds europ\u00e9en de d\u00e9veloppement r\u00e9gional (FEDER),&nbsp;Fonds social europ\u00e9en (FSE),&nbsp;Fonds Europ\u00e9en Agricole pour le D\u00e9veloppement Rural (FEADER), Fonds europ\u00e9en pour les affaires maritimes et la p\u00eache&nbsp;(FEAMP&nbsp;) sont accord\u00e9s \u00e0 la R\u00e9gion Guadeloupe &hellip; <\/p>\n<p class=\"link-more\"><a href=\"https:\/\/recavaca.com\/index.php\/la-region-guadeloupe\/\" class=\"more-link\">Continuer la lecture<span class=\"screen-reader-text\"> de &laquo;&nbsp;La R\u00e9gion Guadeloupe&nbsp;&raquo;<\/span><\/a><\/p>\n","protected":false},"author":3,"featured_media":0,"parent":0,"menu_order":0,"comment_status":"closed","ping_status":"closed","template":"","meta":{"spay_email":""},"yoast_head":"<!-- This site is optimized with the Yoast SEO plugin v18.1 - https:\/\/yoast.com\/wordpress\/plugins\/seo\/ -->\n<title>La R\u00e9gion Guadeloupe - Recavaca<\/title>\n<meta name=\"robots\" content=\"index, follow, max-snippet:-1, max-image-preview:large, max-video-preview:-1\" \/>\n<link rel=\"canonical\" href=\"https:\/\/recavaca.com\/index.php\/la-region-guadeloupe\/\" \/>\n<meta property=\"og:locale\" content=\"fr_FR\" \/>\n<meta property=\"og:type\" content=\"article\" \/>\n<meta property=\"og:title\" content=\"La R\u00e9gion Guadeloupe - Recavaca\" \/>\n<meta property=\"og:description\" content=\"La r\u00e9gion Guadeloupe est l\u2019autorit\u00e9 de gestion des fonds europ\u00e9ens dont la Guadeloupe b\u00e9n\u00e9ficie pour son d\u00e9veloppement \u00e9conomique, social et culturel. Ces fonds structurels (Fonds europ\u00e9en de d\u00e9veloppement r\u00e9gional (FEDER),&nbsp;Fonds social europ\u00e9en (FSE),&nbsp;Fonds Europ\u00e9en Agricole pour le D\u00e9veloppement Rural (FEADER), Fonds europ\u00e9en pour les affaires maritimes et la p\u00eache&nbsp;(FEAMP&nbsp;) sont accord\u00e9s \u00e0 la R\u00e9gion Guadeloupe &hellip; Continuer la lecture de &laquo;&nbsp;La R\u00e9gion Guadeloupe&nbsp;&raquo;\" \/>\n<meta property=\"og:url\" content=\"https:\/\/recavaca.com\/index.php\/la-region-guadeloupe\/\" \/>\n<meta property=\"og:site_name\" content=\"Recavaca\" \/>\n<meta property=\"article:publisher\" content=\"https:\/\/www.facebook.com\/guadeloupeequitableetdurable\/\" \/>\n<meta property=\"article:modified_time\" content=\"2018-06-12T13:48:35+00:00\" \/>\n<meta property=\"og:image\" content=\"https:\/\/recavaca.com\/wp-content\/uploads\/2018\/04\/region-150x150.jpg\" \/>\n<meta name=\"twitter:card\" content=\"summary_large_image\" \/>\n<meta name=\"twitter:label1\" content=\"Dur\u00e9e de lecture estim\u00e9e\" \/>\n\t<meta name=\"twitter:data1\" content=\"2 minutes\" \/>\n<script type=\"application\/ld+json\" class=\"yoast-schema-graph\">{\"@context\":\"https:\/\/schema.org\",\"@graph\":[{\"@type\":\"WebSite\",\"@id\":\"https:\/\/recavaca.com\/#website\",\"url\":\"https:\/\/recavaca.com\/\",\"name\":\"Recavaca\",\"description\":\"R\u00e9seau Carib\u00e9en pour la Valorisation du Cacao\",\"potentialAction\":[{\"@type\":\"SearchAction\",\"target\":{\"@type\":\"EntryPoint\",\"urlTemplate\":\"https:\/\/recavaca.com\/?s={search_term_string}\"},\"query-input\":\"required name=search_term_string\"}],\"inLanguage\":\"fr-FR\"},{\"@type\":\"ImageObject\",\"@id\":\"https:\/\/recavaca.com\/index.php\/la-region-guadeloupe\/#primaryimage\",\"inLanguage\":\"fr-FR\",\"url\":\"https:\/\/i0.wp.com\/recavaca.com\/wp-content\/uploads\/2018\/04\/region.jpg?fit=219%2C234&ssl=1\",\"contentUrl\":\"https:\/\/i0.wp.com\/recavaca.com\/wp-content\/uploads\/2018\/04\/region.jpg?fit=219%2C234&ssl=1\",\"width\":219,\"height\":234},{\"@type\":\"WebPage\",\"@id\":\"https:\/\/recavaca.com\/index.php\/la-region-guadeloupe\/#webpage\",\"url\":\"https:\/\/recavaca.com\/index.php\/la-region-guadeloupe\/\",\"name\":\"La R\u00e9gion Guadeloupe - Recavaca\",\"isPartOf\":{\"@id\":\"https:\/\/recavaca.com\/#website\"},\"primaryImageOfPage\":{\"@id\":\"https:\/\/recavaca.com\/index.php\/la-region-guadeloupe\/#primaryimage\"},\"datePublished\":\"2018-05-25T14:04:26+00:00\",\"dateModified\":\"2018-06-12T13:48:35+00:00\",\"breadcrumb\":{\"@id\":\"https:\/\/recavaca.com\/index.php\/la-region-guadeloupe\/#breadcrumb\"},\"inLanguage\":\"fr-FR\",\"potentialAction\":[{\"@type\":\"ReadAction\",\"target\":[\"https:\/\/recavaca.com\/index.php\/la-region-guadeloupe\/\"]}]},{\"@type\":\"BreadcrumbList\",\"@id\":\"https:\/\/recavaca.com\/index.php\/la-region-guadeloupe\/#breadcrumb\",\"itemListElement\":[{\"@type\":\"ListItem\",\"position\":1,\"name\":\"Accueil\",\"item\":\"https:\/\/recavaca.com\/\"},{\"@type\":\"ListItem\",\"position\":2,\"name\":\"La R\u00e9gion Guadeloupe\"}]}]}<\/script>\n<!-- \/ Yoast SEO plugin. -->","yoast_head_json":{"title":"La R\u00e9gion Guadeloupe - Recavaca","robots":{"index":"index","follow":"follow","max-snippet":"max-snippet:-1","max-image-preview":"max-image-preview:large","max-video-preview":"max-video-preview:-1"},"canonical":"https:\/\/recavaca.com\/index.php\/la-region-guadeloupe\/","og_locale":"fr_FR","og_type":"article","og_title":"La R\u00e9gion Guadeloupe - Recavaca","og_description":"La r\u00e9gion Guadeloupe est l\u2019autorit\u00e9 de gestion des fonds europ\u00e9ens dont la Guadeloupe b\u00e9n\u00e9ficie pour son d\u00e9veloppement \u00e9conomique, social et culturel. Ces fonds structurels (Fonds europ\u00e9en de d\u00e9veloppement r\u00e9gional (FEDER),&nbsp;Fonds social europ\u00e9en (FSE),&nbsp;Fonds Europ\u00e9en Agricole pour le D\u00e9veloppement Rural (FEADER), Fonds europ\u00e9en pour les affaires maritimes et la p\u00eache&nbsp;(FEAMP&nbsp;) sont accord\u00e9s \u00e0 la R\u00e9gion Guadeloupe &hellip; Continuer la lecture de &laquo;&nbsp;La R\u00e9gion Guadeloupe&nbsp;&raquo;","og_url":"https:\/\/recavaca.com\/index.php\/la-region-guadeloupe\/","og_site_name":"Recavaca","article_publisher":"https:\/\/www.facebook.com\/guadeloupeequitableetdurable\/","article_modified_time":"2018-06-12T13:48:35+00:00","og_image":[{"url":"https:\/\/recavaca.com\/wp-content\/uploads\/2018\/04\/region-150x150.jpg"}],"twitter_card":"summary_large_image","twitter_misc":{"Dur\u00e9e de lecture estim\u00e9e":"2 minutes"},"schema":{"@context":"https:\/\/schema.org","@graph":[{"@type":"WebSite","@id":"https:\/\/recavaca.com\/#website","url":"https:\/\/recavaca.com\/","name":"Recavaca","description":"R\u00e9seau Carib\u00e9en pour la Valorisation du Cacao","potentialAction":[{"@type":"SearchAction","target":{"@type":"EntryPoint","urlTemplate":"https:\/\/recavaca.com\/?s={search_term_string}"},"query-input":"required name=search_term_string"}],"inLanguage":"fr-FR"},{"@type":"ImageObject","@id":"https:\/\/recavaca.com\/index.php\/la-region-guadeloupe\/#primaryimage","inLanguage":"fr-FR","url":"https:\/\/i0.wp.com\/recavaca.com\/wp-content\/uploads\/2018\/04\/region.jpg?fit=219%2C234&ssl=1","contentUrl":"https:\/\/i0.wp.com\/recavaca.com\/wp-content\/uploads\/2018\/04\/region.jpg?fit=219%2C234&ssl=1","width":219,"height":234},{"@type":"WebPage","@id":"https:\/\/recavaca.com\/index.php\/la-region-guadeloupe\/#webpage","url":"https:\/\/recavaca.com\/index.php\/la-region-guadeloupe\/","name":"La R\u00e9gion Guadeloupe - Recavaca","isPartOf":{"@id":"https:\/\/recavaca.com\/#website"},"primaryImageOfPage":{"@id":"https:\/\/recavaca.com\/index.php\/la-region-guadeloupe\/#primaryimage"},"datePublished":"2018-05-25T14:04:26+00:00","dateModified":"2018-06-12T13:48:35+00:00","breadcrumb":{"@id":"https:\/\/recavaca.com\/index.php\/la-region-guadeloupe\/#breadcrumb"},"inLanguage":"fr-FR","potentialAction":[{"@type":"ReadAction","target":["https:\/\/recavaca.com\/index.php\/la-region-guadeloupe\/"]}]},{"@type":"BreadcrumbList","@id":"https:\/\/recavaca.com\/index.php\/la-region-guadeloupe\/#breadcrumb","itemListElement":[{"@type":"ListItem","position":1,"name":"Accueil","item":"https:\/\/recavaca.com\/"},{"@type":"ListItem","position":2,"name":"La R\u00e9gion Guadeloupe"}]}]}},"jetpack_sharing_enabled":true,"jetpack_shortlink":"https:\/\/wp.me\/P9QgSb-j7","jetpack-related-posts":[{"id":37,"url":"https:\/\/recavaca.com\/index.php\/qui-sommes-nous\/","url_meta":{"origin":1185,"position":0},"title":"Qui sommes nous ?","date":"1 avril 2018","format":false,"excerpt":"AGED- Association Guadeloupe Equitable et Durable Fond\u00e9e en Mars 2011 dans un souci de participation \u00e0 la conception d\u2019un monde \u00e9conomique, social et environnemental plus juste, notre association cherche \u00e0 promouvoir le D\u00e9veloppement Durable et le Commerce \u00c9quitable au sein de la R\u00e9gion Cara\u00efbe et notamment en Guadeloupe. Pourquoi ?\u2026","rel":"","context":"Article similaire","img":{"alt_text":"","src":"https:\/\/i0.wp.com\/recavaca.com\/wp-content\/uploads\/2018\/04\/P_20180115_125902.jpg?fit=1200%2C675&ssl=1&resize=350%2C200","width":350,"height":200},"classes":[]},{"id":9,"url":"https:\/\/recavaca.com\/","url_meta":{"origin":1185,"position":1},"title":"Accueil","date":"1 avril 2018","format":false,"excerpt":"L\u2019objectif du projet de R\u00e9seau Carib\u00e9en de Valorisation du Cacao (RECAVACA) est de cr\u00e9er une dynamique autour de plusieurs acteurs de la fili\u00e8re cacao, \u00e0 l\u2019\u00e9chelle carib\u00e9enne, afin de contribuer \u00e0 la reconnaissance de plusieurs territoires en tant que pays producteurs d\u2019un cacao de qualit\u00e9, produit en volumes suffisants en\u2026","rel":"","context":"Article similaire","img":{"alt_text":"","src":"https:\/\/i0.wp.com\/recavaca.com\/wp-content\/uploads\/2019\/04\/LOGO_FONDS_EUROPEEN_GUADELOUPE_FEDER_projetcofinance-1024x226.png?resize=350%2C200&ssl=1","width":350,"height":200},"classes":[]},{"id":1192,"url":"https:\/\/recavaca.com\/index.php\/la-mission-jeunes-experts-aequum\/","url_meta":{"origin":1185,"position":2},"title":"La MJE \u2013 AEQUUM","date":"25 mai 2018","format":false,"excerpt":"L\u2019\u00e9quipe Aequum est compos\u00e9e d\u2019\u00e9tudiants issus d\u2019une \u00e9cole d\u2019ing\u00e9nieur en agronomie et d\u00e9veloppement international (ISTOM), et a pour vocation de s\u2019int\u00e9resser aux th\u00e9matiques du commerce \u00e9quitable et solidaire dans les pays en d\u00e9veloppement. Elle est plac\u00e9e sous l\u2019\u00e9gide de l\u2019association Expert\u2019Co, qui r\u00e9alise depuis 2011 des projets de d\u00e9veloppement, dans\u2026","rel":"","context":"Article similaire","img":{"alt_text":"","src":"","width":0,"height":0},"classes":[]},{"id":1207,"url":"https:\/\/recavaca.com\/index.php\/le-programme-operationnel-interreg-caraibes-2014-2020\/","url_meta":{"origin":1185,"position":3},"title":"Le Programme INTERREG Cara\u00efbes","date":"25 mai 2018","format":false,"excerpt":"Le Programme Op\u00e9rationnel INTERREG Cara\u00efbes 2014-2020 s\u2019inscrit dans le cadre de la coop\u00e9ration territoriale europ\u00e9enne 2014-2020, et \u00e0 ce titre contribue \u00e0 la mise en \u0153uvre de la strat\u00e9gie Europe 2020 qui a pour ambition de promouvoir un d\u00e9veloppement harmonieux de l\u2019espace Cara\u00efbe en faveur d\u2019une croissance intelligente, durable et\u2026","rel":"","context":"Article similaire","img":{"alt_text":"","src":"https:\/\/i0.wp.com\/recavaca.com\/wp-content\/uploads\/2018\/04\/AMI-Interreg-Caraibes.jpg?resize=350%2C200","width":350,"height":200},"classes":[]},{"id":31,"url":"https:\/\/recavaca.com\/index.php\/le-cacao\/","url_meta":{"origin":1185,"position":4},"title":"Le Cacao","date":"1 avril 2018","format":false,"excerpt":"L'histoire du cacao dans la r\u00e9gion Cara\u00efbe La r\u00e9gion de la Cara\u00efbe englobe les \u00eeles et les r\u00e9gions continentales am\u00e9ricaines qui entourent la mer des Cara\u00efbes. Cette r\u00e9gion pauvre mais touristique a longtemps abrit\u00e9 d\u2019immenses plantations cacaoy\u00e8res et ses grands cultivateurs en raison de son climat chaud et humide. Les\u2026","rel":"","context":"Article similaire","img":{"alt_text":"","src":"https:\/\/i0.wp.com\/recavaca.com\/wp-content\/uploads\/2018\/04\/P_20180327_091110.jpg?fit=1200%2C675&ssl=1&resize=350%2C200","width":350,"height":200},"classes":[]},{"id":642,"url":"https:\/\/recavaca.com\/index.php\/lancement-du-projet\/","url_meta":{"origin":1185,"position":5},"title":"Lancement du Projet","date":"17 avril 2018","format":false,"excerpt":"Lancement du projet de R\u00e9seau Carib\u00e9en pour la Valorisation du Cacao Le projet de R\u00e9seau Carib\u00e9en de valorisation du cacao (RECAVACA), projet cofinanc\u00e9 par le programme INTERREG Cara\u00efbes au titre du Fonds Europ\u00e9en de D\u00e9veloppement R\u00e9gional, a \u00e9t\u00e9 lanc\u00e9 le mardi 24 octobre 2017, au si\u00e8ge du CIRAD (NeufChateau, Capesterre-Belle-Eau)\u2026","rel":"","context":"Article similaire","img":{"alt_text":"","src":"https:\/\/i0.wp.com\/recavaca.com\/wp-content\/uploads\/2018\/04\/lancement.jpg?resize=350%2C200&ssl=1","width":350,"height":200},"classes":[]}],"_links":{"self":[{"href":"https:\/\/recavaca.com\/index.php\/wp-json\/wp\/v2\/pages\/1185"}],"collection":[{"href":"https:\/\/recavaca.com\/index.php\/wp-json\/wp\/v2\/pages"}],"about":[{"href":"https:\/\/recavaca.com\/index.php\/wp-json\/wp\/v2\/types\/page"}],"author":[{"embeddable":true,"href":"https:\/\/recavaca.com\/index.php\/wp-json\/wp\/v2\/users\/3"}],"replies":[{"embeddable":true,"href":"https:\/\/recavaca.com\/index.php\/wp-json\/wp\/v2\/comments?post=1185"}],"version-history":[{"count":4,"href":"https:\/\/recavaca.com\/index.php\/wp-json\/wp\/v2\/pages\/1185\/revisions"}],"predecessor-version":[{"id":1383,"href":"https:\/\/recavaca.com\/index.php\/wp-json\/wp\/v2\/pages\/1185\/revisions\/1383"}],"wp:attachment":[{"href":"https:\/\/recavaca.com\/index.php\/wp-json\/wp\/v2\/media?parent=1185"}],"curies":[{"name":"wp","href":"https:\/\/api.w.org\/{rel}","templated":true}]}}